(1 - 0 - 3) a composite number?
False
Let p(h) = -h**2 - 7*h + 1. Let r be p(-7). Let f be (1054/4)/(r/2). Suppose -c - 28 = d - f, -c + 2*d + 493 = 0. Is c a prime number?
False
Suppose -12 = -3*n + 3, 2*h = -3*n + 25. Let d(f) = f**2 - 8*f + 2. Let u be d(8). Suppose 3*p = 3*c + 516, 4*p - h*c = u*p + 353. Is p a composite number?
True
Suppose 51*s - 47*s = -2*g + 35948, 4*s + 3*g - 35944 = 0. Is s prime?
False
Let n(t) = -2*t**2 - 6*t + 5. Let i be n(-4). Is 1403/2 + i/6 a prime number?
True
Is 658193/37 - (-12)/(-2) a prime number?
True
Let t(a) = -a**2 - 16*a - 9. Suppose -7*u + 10*u + 39 = 0. Let d be t(u). Suppose -4*r = -d - 46. Is r a composite number?
False
Suppose -n + 2*i = 3*n - 26, 22 = 3*n - 2*i. Suppose 5*w - p + 12 - 53 = 0, w = -4*p + n. Suppose 0*g = -3*g - 4*o + 914, -w = -4*o. Is g a prime number?
False
Let x(h) = h**2 - 2*h + 4. Let r be x(4). Is 3/(-18) + 422/r composite?
True
Suppose 0 = 300*c - 299*c - 5879. Is c prime?
True
Is -3*20/30 + 8781 a composite number?
False
Let b(m) = 110*m + 5. Let t be b(5). Let h = 928 - t. Is h a composite number?
False
Suppose -2 = -0*u - u - 2*k, -5*k = 0. Suppose -2*q - 3 + 0 = x, -u*x = 3*q + 2. Suppose x*z + 18 = 683. Is z composite?
True
Let v(y) be the third derivative of 5/12*y**4 + 0*y - 8*y**2 + 0 + 1/5*y**5 - 1/120*y**6 - 11/6*y**3. Is v(12) a composite number?
False
Let u = -19928 + 88099. Is u prime?
True
Let v = 4788 + -1891. Is v a composite number?
False
Let l be (192/(-80))/(6/20). Is l/36 - 5905/(-45) a composite number?
False
Let m = 1 - 0. Let j be 1804/20 - m/5. Suppose -5*h + 2*x + 35 = -74, j = 4*h - 3*x. Is h composite?
True
Let i(y) be the second derivative of y**4/12 - 11*y**2/2 - 9*y. Is i(10) prime?
True
Suppose 0*l - l - 4*a = 10, -3*l + 5*a - 13 = 0. Is (-768)/(-6 + 3) - l/(-2) prime?
False
Is (-6 - 0) + -1 - -590 prime?
False
Let y be (204/28 - 6) + 2/(-7). Is 3/(-2 + y) + (-6)/(-1) a prime number?
True
Suppose -3*t = 1 + 11, -5*k = -2*t - 8978. Let p = k + -1241. Is p a prime number?
False
Let r(w) = 4*w**2 + 7*w - 5. Let a be r(5). Suppose -2*s + 266 = 3*l + 5, s - a = -l. Is s a composite number?
True
Let p = 6 + -4. Let z(d) = -9*d + 2. Let r be z(p). Is (-1 + 1 - r) + -1 a prime number?
False
Let n(p) = -166*p**3 + 4*p**2 + 3*p. Is n(-1) prime?
True
Let t = -4 + 18. Let a = -4 + t. Is a a composite number?
True
Let n(r) = r**3 - 3*r - 4*r**2 - r**2 + 2*r - 5. Let j be n(6). Is (-5290)/j*10/(-4) prime?
False
Let a = 11 - -1654. Suppose -5*x = -4*d - d + a, 2*x = -2. Suppose -2*z + d = -242. Is z a prime number?
False
Suppose 0 = -4*q + 30 + 6. Let v be (-3)/q + (-4180)/(-12). Suppose -3*c + 1086 = -v. Is c a prime number?
False
Let v(o) = -o - 11. Let r be v(-9). Let w = r + 19. Suppose u - w = 2. Is u a prime number?
True
Suppose 47*a - 8*a - 208923 = 0. Is a a composite number?
True
Suppose -46*t = 68350 - 717272. Is t prime?
True
Let m = -11 - 0. Let v = -11 - m. Suppose 3*b = v, -b = 3*c + 4*b - 633. Is c a prime number?
True
Let g(p) be the first derivative of -3*p**4/4 - p**3/3 - p**2/2 - p + 2. Let u be g(-1). Is ((-474)/(-12))/(1/u) prime?
True
Let k = -20 + 20. Is k/(-1) - -268 - 1 a composite number?
True
Let k(i) = -i**3 - i**2 - 11. Let t(v) = -6*v**2 + 16*v + 5. Let z(r) = r**2 - 3*r - 1. Let m(o) = -2*t(o) - 11*z(o). Let s(c) = -k(c) - 6*m(c). Is s(8) prime?
True
Let k = 8666 - 5667. Is k a composite number?
False
Suppose 0 = 5*l - 5, l = -5*m - 0*l + 836. Is -4 + (m - (-6)/(-3)) a composite number?
True
Let g = -29 + 32. Let k = 8 + -6. Suppose -g*d - 204 = -3*z, 2*z - 199 = -z - k*d. Is z a composite number?
False
Let t be (19/3)/(10/60). Suppose 4*i - t = 2*i. Is i prime?
True
Let i be (18/21)/((-21)/(-98)). Is i/(4 + (-222)/57) a prime number?
False
Suppose 3*h = -h - 16, 5*h = v - 29. Suppose 10*g - v*g = 111. Suppose -2*q + 5*p = 3*q - 555, 0 = q + 5*p - g. Is q a composite number?
True
Let b be 21/5 - 1/5. Suppose -b*z + 19 = -w + 48, -3*z - 213 = -5*w. Suppose 2*q - w = -g, -g - q + 41 = -0*q. Is g prime?
True
Let r be 16/(-6)*(-27)/12. Suppose 2*p = -p + r. Suppose 3*k - 5*i = 632, 0 = -2*k - 6*i + p*i + 414. Is k composite?
True
Let h(s) = -1387*s - 177. Is h(-34) a prime number?
False
Let k = 1488 - -378. Suppose -s + 951 = -4*p, -2*s + p = 5*p - k. Suppose 4*f + 119 - s = 0. Is f a prime number?
False
Is (51326 + 0*6/12)/2 prime?
False
Let b(k) = 88*k**2 + 12*k - 77. Is b(6) a composite number?
False
Let m be -2 - 4*5/(-10). Suppose 8*q - 7*q - 211 = m. Is q composite?
False
Let v = -90 - -70. Is (-1149)/(-33) - v/110 prime?
False
Suppose -5*h = 5*c - 66620, 5*c + 4922 - 71530 = -h. Suppose -64*x = -57*x - c. Is x composite?
True
Let r(w) = -2*w + 16. Let o be r(8). Suppose 0 = -3*f - 1 + 7. Suppose f*g - g - 129 = o. Is g prime?
False
Let q(i) = 9*i**2 + 10*i + 9. Is q(-10) a prime number?
True
Let k be 4/(-3)*(-3)/2. Let o(q) = -1 - q + 3*q**2 + k*q**2 - q**2 + 2*q**2. Is o(4) composite?
True
Is 699 - (3/(-3) + 1) a composite number?
True
Let y(g) = -55*g - 3. Let w be y(-2). Suppose 108 + w = k. Suppose -736 - 124 = -4*i + 4*f, 3*f + k = i. Is i a prime number?
False
Is (-396)/88 - (-266366)/4 prime?
True
Suppose -4 = -7*c + 10. Suppose 0 = c*q + 4*j - 546, q = -2*q + 2*j + 779. Is q composite?
False
Let u be (-28)/(-10)*5/(-2). Let b = 72 - u. Is b a composite number?
False
Let o(a) be the second derivative of -10*a + a**2 + 87/2*a**3 + 0. Is o(3) a composite number?
True
Let l(c) be the second derivative of c**5/10 - c**4/6 - c**3/2 + 2*c**2 - 13*c. Let d be l(2). Suppose -d*q - 1892 = -9350. Is q a composite number?
True
Suppose 13*k - 1179057 - 59752 = 0. Is k a composite number?
True
Let b be (-956)/(-3)*(-6)/(-4). Let i = -306 + b. Let n = 263 - i. Is n a composite number?
True
Let g be 12/2 + 13/(143/(-253)). Suppose 3*v - 10 = -2*v. Let w = v - g. Is w a composite number?
False
Suppose 2*d = -i - 1, -i - 2 + 1 = -d. Let z = i - -3. Is ((-127)/z)/((-1)/2) a composite number?
False
Suppose 0 = -5*r - 55*i + 56*i + 11011, 0 = 2*r - i - 4402. Is r a composite number?
False
Let n be 6895/(-45) + (-2)/(-9). Let x = 274 + n. Is x composite?
True
Suppose 2*x - 3*v + 24 = -x, 26 = -3*x + 2*v. Is (x/(-6))/5 + 2404/6 a composite number?
False
Suppose 3 = 3*a - 0*a, 26192 = -2*x + 2*a. Is (16/24)/((-3)/(x/6)) prime?
False
Is 138320/315 + (-1)/9 prime?
True
Let c(f) = 3*f**2 - 10*f + 21. Suppose -3*v - 5*m = 68, 5*m = 3*v - 0*v + 28. Is c(v) composite?
True
Suppose 5*r - r = 8. Suppose 5*x - 2*d - 28 = 0, 0*x - r*d = 2*x. Is x/16 + 633/12 composite?
False
Let u be (3*-286)/(4/(-50)). Let a = -2666 + u. Is a prime?
True
Let s(y) = -32*y**2 - 3*y + 8. Let t(h) be the third derivative of 13*h**5/12 + h**4/4 - 5*h**3/2 - 6*h**2. Let f(w) = 5*s(w) + 3*t(w). Is f(3) prime?
False
Suppose -15 = -44*r + 49*r, 3*v = -5*r + 110724. Is v a composite number?
False
Suppose h = 4*z - 0*h, 25 = -5*z - 5*h. Let a = -1 - z. Suppose a*i = 5*i - 1765. Is i composite?
False
Suppose 16 = -2*s - 2*s. Let y be 112/24 - s/(-6). Suppose 0 = -4*x - y*u + 56, 0 = 3*x - 3*u + 6 - 48. Is x prime?
False
Is ((-43174)/(-5))/(98/245) a composite number?
False
Suppose 4*g + i + 210 - 680 = 0, -i - 356 = -3*g. Is g composite?
True
Suppose -7180 = -5*f + 3*u + 520, 4*f - u = 6167. Is f a prime number?
True
Let r = 111 + 83. Suppose -r = -k + 495. Is k prime?
False
Is 193036/13 - 10/780*-6 a prime number?
False
Let t = 3033 + 6164. Is t a composite number?
True
Suppose q + 5*n + 33 = -0*q, -2*n = -q + 2. Let j be (-1*(-1)/(-3))/((-55)/(-7260)). Is (-1738)/q - (-11)/j a prime number?
False
Let k(z) be the first derivative of z**4/4 - 2*z**3 + 5*z**2/2 + 2*z + 1. Let n be k(5). Is ((-25)/n + -2)*-10 prime?
False
Suppose 37 = 4*w + 5*o, -6 = -w - 2*o + 4. Suppose -4*x - 250 = -3*g, -2*x - 84 = 7*g - w*g. Is g a composite number?
True
Let n(j) = j**3 - 47*j**2 + 25*j + 155. Is n(48) composite?
False
Suppose -d = 3*w + 13, 15 = 5*d - w - 0*w. Let g(i) = 2*i**d + 6*i**2 + i**3 - i - 5*i**2. Is g(-3) a composite number?
False
Suppose 3*r + 0*r = -162. Suppose -115 = -3*y + 8. Let c = y - r. Is c a prime number?
False
Let m = 38 - 39. Let z(h) = -978*h**3 - 2*h**2 - h. Is z(m) prime?
True
Let q = 6 + -1. Suppose 0 = -q*a - 5490 - 255. Is 6/(-9) - a/9 composite?
False
S